{"id":107,"date":"2025-05-13T06:13:15","date_gmt":"2025-05-13T04:13:15","guid":{"rendered":"http:\/\/localhost:8080\/deonfilmart\/?page_id=107"},"modified":"2025-12-21T15:23:34","modified_gmt":"2025-12-21T14:23:34","slug":"porfolio-audiovisual","status":"publish","type":"page","link":"https:\/\/www.deonfilmart.com\/index.php\/porfolio-audiovisual\/","title":{"rendered":"Porfolio Audiovisual"},"content":{"rendered":"\n<figure class=\"wp-block-video\"><video height=\"1080\" style=\"aspect-ratio: 1920 \/ 1080;\" width=\"1920\" controls src=\"https:\/\/www.deonfilmart.com\/wp-content\/uploads\/2025\/05\/Kiko-Urrea-Cuentale-1080P-Low-Bit-Rate.mp4\"><\/video><figcaption class=\"wp-element-caption\">Cuando la m\u00fasica no solo se escucha, tambi\u00e9n se vive a trav\u00e9s de una historia.<\/figcaption><\/figure>\n\n\n\n<figure class=\"wp-block-video\"><video height=\"1080\" style=\"aspect-ratio: 1920 \/ 1080;\" width=\"1920\" controls src=\"https:\/\/www.deonfilmart.com\/wp-content\/uploads\/2025\/05\/Carnaval-Rural-Miranda-de-Arga-2025-1080P-Low-Bit-Rate.mp4\"><\/video><figcaption class=\"wp-element-caption\">El carnaval rural convertido en ritmo, imagen y energ\u00eda desde el primer segundo.<\/figcaption><\/figure>\n\n\n\n<figure class=\"wp-block-video\"><video height=\"1080\" style=\"aspect-ratio: 1920 \/ 1080;\" width=\"1920\" controls src=\"https:\/\/www.deonfilmart.com\/wp-content\/uploads\/2025\/05\/Aritz-Lopez-Mister-Internacional-Navarra-2022-1080P-Low-Bit-Rate.mp4\"><\/video><figcaption class=\"wp-element-caption\">Una presentaci\u00f3n que va m\u00e1s all\u00e1 de la imagen: actitud, identidad y prop\u00f3sito.<\/figcaption><\/figure>\n\n\n\n<figure class=\"wp-block-video\"><video height=\"1080\" style=\"aspect-ratio: 1920 \/ 1080;\" width=\"1920\" controls poster=\"https:\/\/www.deonfilmart.com\/wp-content\/uploads\/2025\/05\/Airsoft-Black-Wolves-Navarra-scaled.jpg\" src=\"https:\/\/www.deonfilmart.com\/wp-content\/uploads\/2025\/05\/Airsoft-Black-Wolves-Navarra-1080P-Low-Bit-Rate.mp4\"><\/video><figcaption class=\"wp-element-caption\">Una experiencia t\u00e1ctica. Adrenalina, estrategia y acci\u00f3n al ritmo de la m\u00fasica.<\/figcaption><\/figure>\n\n\n\n<figure class=\"wp-block-video\"><video height=\"1080\" style=\"aspect-ratio: 1920 \/ 1080;\" width=\"1920\" controls poster=\"https:\/\/www.deonfilmart.com\/wp-content\/uploads\/2025\/12\/06102022-_MG_9692-Editar-scaled.jpg\" src=\"https:\/\/www.deonfilmart.com\/wp-content\/uploads\/2025\/05\/Oscar-Balaperdida-Storytelling-Low-Bit-Rate.mp4\"><\/video><figcaption class=\"wp-element-caption\">Una historia de vida contada desde la m\u00fasica y la verdad.<\/figcaption><\/figure>\n\n\n\n<figure class=\"wp-block-video\"><video height=\"1080\" style=\"aspect-ratio: 1920 \/ 1080;\" width=\"1920\" controls poster=\"https:\/\/www.deonfilmart.com\/wp-content\/uploads\/2025\/12\/Miniatura-Mala-Vida-1-DeNoiseAI-standard-scaled.jpg\" src=\"https:\/\/www.deonfilmart.com\/wp-content\/uploads\/2025\/05\/Arabay-Flamenco-Mala-Vida-Low-Bit-Rate.mp4\"><\/video><figcaption class=\"wp-element-caption\">Cuando la voz, el gesto y la emoci\u00f3n lo sostienen todo.<\/figcaption><\/figure>\n\n\n\n<figure style=\"margin-top:0;margin-right:0;margin-bottom:0;margin-left:0\" class=\"wp-block-video\"><video height=\"1080\" style=\"aspect-ratio: 1920 \/ 1080;\" width=\"1920\" controls src=\"https:\/\/www.deonfilmart.com\/wp-content\/uploads\/2025\/05\/Natalie-Summer-1080P-Low-Bit-Rate.mp4\"><\/video><figcaption class=\"wp-element-caption\">Sensualidad, presencia y una mirada que lo dice todo.<\/figcaption><\/figure>\n\n\n\n<figure class=\"wp-block-video\"><video height=\"1080\" style=\"aspect-ratio: 1920 \/ 1080;\" width=\"1920\" controls poster=\"https:\/\/www.deonfilmart.com\/wp-content\/uploads\/2025\/12\/Miniatura-Libre-scaled.jpg\" src=\"https:\/\/www.deonfilmart.com\/wp-content\/uploads\/2025\/05\/Arabay-Flamenco-Libre-Low-Bit-Rate.mp4\"><\/video><figcaption class=\"wp-element-caption\">Videoclip performance para \u00abArabay Flamenco\u00bb donde la interpretaci\u00f3n y la presencia marcan la diferencia.<\/figcaption><\/figure>\n\n\n\n<figure class=\"wp-block-video\"><video height=\"1080\" style=\"aspect-ratio: 1920 \/ 1080;\" width=\"1920\" controls poster=\"https:\/\/www.deonfilmart.com\/wp-content\/uploads\/2025\/12\/Miniatura-Sintiendo-el-Cielo-Azul-scaled.jpg\" src=\"https:\/\/www.deonfilmart.com\/wp-content\/uploads\/2025\/05\/Arabay-Flamenco-Sintiendo-el-cielo-azul-Low-Bit-Rate.mp4\"><\/video><figcaption class=\"wp-element-caption\">Un canto nacido desde la ausencia y el amor.<\/figcaption><\/figure>\n","protected":false},"excerpt":{"rendered":"","protected":false},"author":1,"featured_media":0,"parent":0,"menu_order":0,"comment_status":"closed","ping_status":"closed","template":"","meta":{"inspiro_hide_title":false,"footnotes":""},"class_list":["post-107","page","type-page","status-publish","hentry"],"_links":{"self":[{"href":"https:\/\/www.deonfilmart.com\/index.php\/wp-json\/wp\/v2\/pages\/107","targetHints":{"allow":["GET"]}}],"collection":[{"href":"https:\/\/www.deonfilmart.com\/index.php\/wp-json\/wp\/v2\/pages"}],"about":[{"href":"https:\/\/www.deonfilmart.com\/index.php\/wp-json\/wp\/v2\/types\/page"}],"author":[{"embeddable":true,"href":"https:\/\/www.deonfilmart.com\/index.php\/wp-json\/wp\/v2\/users\/1"}],"replies":[{"embeddable":true,"href":"https:\/\/www.deonfilmart.com\/index.php\/wp-json\/wp\/v2\/comments?post=107"}],"version-history":[{"count":48,"href":"https:\/\/www.deonfilmart.com\/index.php\/wp-json\/wp\/v2\/pages\/107\/revisions"}],"predecessor-version":[{"id":1432,"href":"https:\/\/www.deonfilmart.com\/index.php\/wp-json\/wp\/v2\/pages\/107\/revisions\/1432"}],"wp:attachment":[{"href":"https:\/\/www.deonfilmart.com\/index.php\/wp-json\/wp\/v2\/media?parent=107"}],"curies":[{"name":"wp","href":"https:\/\/api.w.org\/{rel}","templated":true}]}}