{"id":64,"date":"2025-05-12T23:06:24","date_gmt":"2025-05-12T21:06:24","guid":{"rendered":"http:\/\/localhost:8080\/deonfilmart\/?page_id=64"},"modified":"2026-04-12T16:31:29","modified_gmt":"2026-04-12T14:31:29","slug":"acerca-de","status":"publish","type":"page","link":"https:\/\/www.deonfilmart.com\/index.php\/acerca-de\/","title":{"rendered":"Acerca de"},"content":{"rendered":"\n<div class=\"wp-block-group alignfull has-white-color has-foreground-background-color has-text-color has-background is-layout-flow wp-block-group-is-layout-flow\">\n<div class=\"wp-block-group has-foreground-background-color has-background has-global-padding is-layout-constrained wp-container-core-group-is-layout-3a820303 wp-block-group-is-layout-constrained\" style=\"padding-right:var(--wp--preset--spacing--small);padding-left:var(--wp--preset--spacing--small)\">\n<h2 class=\"wp-block-heading wp-embed-aspect-16-9 wp-has-aspect-ratio has-text-color has-link-color has-large-font-size wp-elements-fd66dfa1d695c6fbe049acd2e1cbf3eb\" id=\"inspiro-is-a-digital-product-agency-that-focuses-on-strategy-and-design\" style=\"color:#4486bf;font-style:normal;font-weight:100\"><strong><strong>Deon FilmArt es un proyecto creativo con enfoque en contar historias visualmente cinematogr\u00e1ficas<\/strong><\/strong>.<\/h2>\n\n\n\n<div style=\"height:29px\" aria-hidden=\"true\" class=\"wp-block-spacer\"><\/div>\n\n\n\n<p class=\"has-text-color has-link-color wp-elements-bb027936f6e02d4afdeb3f79b8a16af2\" style=\"color:#4486bf;font-size:clamp(16.293px, 1.018rem + ((1vw - 3.2px) * 0.771), 25px);\">Aunque trabajo de forma independiente, colaboro con otros profesionales cuando el proyecto lo requiere &#8211; porque cada historia merece tratarla de la mejor forma.<\/p>\n\n\n\n<div style=\"height:100px\" aria-hidden=\"true\" class=\"wp-block-spacer wp-embed-aspect-16-9 wp-has-aspect-ratio\"><\/div>\n\n\n\n<div class=\"wp-block-columns wp-embed-aspect-16-9 wp-has-aspect-ratio is-layout-flex wp-container-core-columns-is-layout-28f84493 wp-block-columns-is-layout-flex\">\n<div class=\"wp-block-column is-layout-flow wp-block-column-is-layout-flow\">\n<figure class=\"wp-block-image size-full\"><img loading=\"lazy\" decoding=\"async\" width=\"900\" height=\"600\" src=\"https:\/\/www.deonfilmart.com\/wp-content\/uploads\/2025\/05\/Rodaje-Beethoven-2.png\" alt=\"\" class=\"wp-image-153\"\/><\/figure>\n\n\n\n<h3 class=\"wp-block-heading has-text-color has-link-color wp-elements-1bc9c72f0144810a164bd2f7357eaf9e\" style=\"color:#4486bf;font-size:clamp(17.905px, 1.119rem + ((1vw - 3.2px) * 0.893), 28px);\">El Equipo<\/h3>\n\n\n\n<p class=\"has-text-color\" style=\"color:#f0efef\"><strong>Hola, soy David, y esta es mi productora audiovisual.<\/strong><\/p>\n\n\n\n<p class=\"has-text-color\" style=\"color:#f0efef\">Me especializo en crear contenido visual atractivo y funcional: desde videos para redes hasta piezas m\u00e1s cinematogr\u00e1ficas.<\/p>\n\n\n\n<p class=\"has-text-color\" style=\"color:#f0efef\">Trabajo de forma integral: yo grabo, edito y entrego el producto final, cuidando cada detalle en el proceso.<\/p>\n\n\n\n<p class=\"has-text-color\" style=\"color:#f0efef\">Mi objetivo es ayudarte a destacar con un video que se vea bien y comunique mejor<\/p>\n<\/div>\n\n\n\n<div class=\"wp-block-column is-layout-flow wp-block-column-is-layout-flow\">\n<figure class=\"wp-block-image size-full\"><img loading=\"lazy\" decoding=\"async\" width=\"900\" height=\"600\" src=\"https:\/\/www.deonfilmart.com\/wp-content\/uploads\/2025\/05\/Rodaje-Beethoven-1.png\" alt=\"\" class=\"wp-image-154\"\/><\/figure>\n\n\n\n<h3 class=\"wp-block-heading has-text-color\" style=\"color:#4486bf;font-size:clamp(17.905px, 1.119rem + ((1vw - 3.2px) * 0.893), 28px);\">Filosof\u00eda de trabajo<\/h3>\n\n\n\n<p class=\"has-white-color has-text-color\">Me gusta hacer videos que no solo se vean bien, sino que&nbsp;<strong>hagan sentir<\/strong>.<\/p>\n\n\n\n<p class=\"has-white-color has-text-color has-link-color wp-elements-f0c3a61842634f892cd7da784dba55c9\">Para m\u00ed, cada cliente es distinto, y cada proyecto es una oportunidad de crear algo \u00fanico. Trabajo con atenci\u00f3n al detalle, sin apuros ni f\u00f3rmulas repetidas. Quiero que cada persona que me contrata sienta que entend\u00ed su idea y que el resultado la supera.<\/p>\n\n\n\n<p class=\"has-white-color has-text-color\">Mi enfoque es artesanal: yo grabo, yo edito, yo entrego. Y eso me permite cuidar el proceso de punta a punta.<\/p>\n<\/div>\n\n\n\n<div class=\"wp-block-column is-layout-flow wp-block-column-is-layout-flow\">\n<figure class=\"wp-block-image size-full\"><img loading=\"lazy\" decoding=\"async\" width=\"900\" height=\"600\" src=\"https:\/\/www.deonfilmart.com\/wp-content\/uploads\/2025\/05\/Claqueta-y-Rollo-de-Pelicula.png\" alt=\"\" class=\"wp-image-151\"\/><\/figure>\n\n\n\n<h3 class=\"wp-block-heading has-text-color\" style=\"color:#4486bf;font-size:clamp(17.905px, 1.119rem + ((1vw - 3.2px) * 0.893), 28px);\">Servicios<\/h3>\n\n\n\n<p class=\"has-white-color has-text-color\">V<strong>\u00eddeos corporativos<\/strong>&nbsp;\u2013 Tu marca tiene una historia. Aqu\u00ed se cuenta con el poder del cine.<\/p>\n\n\n\n<p class=\"has-white-color has-text-color has-link-color wp-elements-581049eac74dd9a25e73ab4e4ec74e04\"><strong>Publicidad&nbsp;<\/strong>\u2013 Spots para campa\u00f1as de redes, TV o web.<\/p>\n\n\n\n<p class=\"has-white-color has-text-color has-link-color wp-elements-9540690a895c2932b6213dda836fc56a\"><strong>Videoclips musicales<\/strong>&nbsp;\u2013 Cuenta en im\u00e1genes la historia de tu m\u00fasica.<\/p>\n\n\n\n<p class=\"has-white-color has-text-color\"><\/p>\n<\/div>\n<\/div>\n\n\n\n<div style=\"height:100px\" aria-hidden=\"true\" class=\"wp-block-spacer wp-embed-aspect-16-9 wp-has-aspect-ratio\"><\/div>\n\n\n\n<h3 class=\"wp-block-heading wp-embed-aspect-16-9 wp-has-aspect-ratio has-text-color has-large-font-size\" id=\"inspiro-is-a-digital-product-agency-that-focuses-on-strategy-and-desig\" style=\"color:#4486bf;font-style:normal;font-weight:300\"><strong>Showreel<\/strong><\/h3>\n\n\n\n<figure class=\"wp-block-embed is-type-video is-provider-youtube wp-block-embed-youtube wp-embed-aspect-16-9 wp-has-aspect-ratio\"><div class=\"wp-block-embed__wrapper\">\n<iframe loading=\"lazy\" title=\"Reel trayectoria profesinal 4K\" width=\"950\" height=\"534\" src=\"https:\/\/www.youtube.com\/embed\/nMHskyJWbDY?feature=oembed\" frameborder=\"0\" allow=\"accelerometer; autoplay; clipboard-write; encrypted-media; gyroscope; picture-in-picture; web-share\" referrerpolicy=\"strict-origin-when-cross-origin\" allowfullscreen><\/iframe>\n<\/div><\/figure>\n\n\n\n<div style=\"height:84px\" aria-hidden=\"true\" class=\"wp-block-spacer wp-embed-aspect-16-9 wp-has-aspect-ratio\"><\/div>\n\n\n\n<div style=\"height:114px\" aria-hidden=\"true\" class=\"wp-block-spacer wp-embed-aspect-16-9 wp-has-aspect-ratio\"><\/div>\n<\/div>\n<\/div>\n","protected":false},"excerpt":{"rendered":"<p>Deon FilmArt es un proyecto creativo con enfoque en contar historias visualmente cinematogr\u00e1ficas. Aunque trabajo de forma independiente, colaboro con otros profesionales cuando el proyecto lo requiere &#8211; porque cada historia merece tratarla de la mejor forma. El Equipo Hola, soy David, y esta es mi productora audiovisual. Me especializo en crear contenido visual atractivo &hellip; <\/p>\n<p class=\"link-more\"><a href=\"https:\/\/www.deonfilmart.com\/index.php\/acerca-de\/\" class=\"more-link\">Leer m\u00e1s<span class=\"screen-reader-text\"> \u00abAcerca de\u00bb<\/span><\/a><\/p>\n","protected":false},"author":1,"featured_media":0,"parent":0,"menu_order":0,"comment_status":"closed","ping_status":"closed","template":"","meta":{"inspiro_hide_title":false,"footnotes":""},"class_list":["post-64","page","type-page","status-publish","hentry"],"_links":{"self":[{"href":"https:\/\/www.deonfilmart.com\/index.php\/wp-json\/wp\/v2\/pages\/64","targetHints":{"allow":["GET"]}}],"collection":[{"href":"https:\/\/www.deonfilmart.com\/index.php\/wp-json\/wp\/v2\/pages"}],"about":[{"href":"https:\/\/www.deonfilmart.com\/index.php\/wp-json\/wp\/v2\/types\/page"}],"author":[{"embeddable":true,"href":"https:\/\/www.deonfilmart.com\/index.php\/wp-json\/wp\/v2\/users\/1"}],"replies":[{"embeddable":true,"href":"https:\/\/www.deonfilmart.com\/index.php\/wp-json\/wp\/v2\/comments?post=64"}],"version-history":[{"count":69,"href":"https:\/\/www.deonfilmart.com\/index.php\/wp-json\/wp\/v2\/pages\/64\/revisions"}],"predecessor-version":[{"id":1651,"href":"https:\/\/www.deonfilmart.com\/index.php\/wp-json\/wp\/v2\/pages\/64\/revisions\/1651"}],"wp:attachment":[{"href":"https:\/\/www.deonfilmart.com\/index.php\/wp-json\/wp\/v2\/media?parent=64"}],"curies":[{"name":"wp","href":"https:\/\/api.w.org\/{rel}","templated":true}]}}